CRAN Package Check Results for Package MedLEA

Last updated on 2022-08-09 03:53:04 CEST.

Flavor Version Tinstall Tcheck Ttotal Status Flags
r-devel-linux-x86_64-debian-clang 1.0.1 1.97 29.56 31.53 OK
r-devel-linux-x86_64-debian-gcc 1.0.1 2.01 22.46 24.47 OK
r-devel-linux-x86_64-fedora-clang 1.0.1 49.12 NOTE
r-devel-linux-x86_64-fedora-gcc 1.0.1 47.74 NOTE
r-devel-windows-x86_64 1.0.1 14.00 59.00 73.00 OK
r-patched-linux-x86_64 1.0.1 2.32 27.68 30.00 OK
r-release-linux-x86_64 1.0.1 OK
r-release-macos-arm64 1.0.1 18.00 NOTE
r-release-macos-x86_64 1.0.1 28.00 NOTE
r-release-windows-x86_64 1.0.1 11.00 56.00 67.00 OK
r-oldrel-macos-arm64 1.0.1 34.00 NOTE
r-oldrel-macos-x86_64 1.0.1 29.00 NOTE
r-oldrel-windows-ix86+x86_64 1.0.1 10.00 47.00 57.00 OK

Check Details

Version: 1.0.1
Check: dependencies in R code
Result: NOTE
    Namespaces in Imports field not imported from:
     ‘patchwork’ ‘tidyverse’ ‘tm’ ‘wordcloud2’
     All declared Imports should be used.
Flavors: r-devel-linux-x86_64-fedora-clang, r-devel-linux-x86_64-fedora-gcc, r-release-macos-arm64, r-release-macos-x86_64, r-oldrel-macos-arm64, r-oldrel-macos-x86_64