CRAN Package Check Results for Package MediaNews

Last updated on 2022-09-27 02:54:17 CEST.

Flavor Version Tinstall Tcheck Ttotal Status Flags
r-devel-windows-x86_64 0.2.1 16.00 65.00 81.00 OK
r-release-windows-x86_64 0.2.1 7.00 62.00 69.00 OK
r-oldrel-macos-arm64 0.2.1 47.00 NOTE
r-oldrel-windows-ix86+x86_64 0.2.1 11.00 59.00 70.00 OK

Check Details

Version: 0.2.1
Check: data for non-ASCII characters
Result: NOTE
     Note: found 7757 marked UTF-8 strings
Flavor: r-oldrel-macos-arm64