CRAN Package Check Results for Package MetaLandSim

Last updated on 2022-09-29 02:49:44 CEST.

Flavor Version Tinstall Tcheck Ttotal Status Flags
r-devel-linux-x86_64-debian-clang 1.0.10 54.32 510.68 565.00 OK
r-devel-linux-x86_64-debian-gcc 1.0.10 39.47 376.07 415.54 OK
r-devel-linux-x86_64-fedora-clang 1.0.10 692.08 NOTE
r-devel-linux-x86_64-fedora-gcc 1.0.10 677.27 NOTE
r-devel-windows-x86_64 1.0.10 113.00 573.00 686.00 OK
r-patched-linux-x86_64 1.0.10 81.01 590.90 671.91 OK
r-release-linux-x86_64 1.0.10 73.48 589.15 662.63 OK
r-release-macos-arm64 1.0.10 406.00 NOTE
r-release-macos-x86_64 1.0.10 683.00 NOTE
r-release-windows-x86_64 1.0.10 87.00 548.00 635.00 OK
r-oldrel-macos-arm64 1.0.10 281.00 NOTE
r-oldrel-macos-x86_64 1.0.10 399.00 NOTE
r-oldrel-windows-ix86+x86_64 1.0.10 109.00 518.00 627.00 OK

Check Details

Version: 1.0.10
Check: dependencies in R code
Result: NOTE
    Namespace in Imports field not imported from: ‘knitr’
     All declared Imports should be used.
Flavors: r-devel-linux-x86_64-fedora-clang, r-devel-linux-x86_64-fedora-gcc, r-release-macos-arm64, r-release-macos-x86_64, r-oldrel-macos-arm64, r-oldrel-macos-x86_64