Last updated on 2021-03-05 02:49:15 CET.
Flavor | Version | Tinstall | Tcheck | Ttotal | Status | Flags |
---|---|---|---|---|---|---|
r-devel-linux-x86_64-debian-clang | 1.3.3 | 14.86 | 154.71 | 169.57 | OK | |
r-devel-linux-x86_64-debian-gcc | 1.3.3 | 10.76 | 116.31 | 127.07 | OK | |
r-devel-linux-x86_64-fedora-clang | 1.3.3 | 205.55 | OK | |||
r-devel-linux-x86_64-fedora-gcc | 1.3.3 | 206.59 | OK | |||
r-devel-windows-ix86+x86_64 | 1.3.3 | 23.00 | 189.00 | 212.00 | OK | |
r-patched-linux-x86_64 | 1.3.3 | OK | ||||
r-patched-solaris-x86 | 1.3.3 | 283.10 | OK | |||
r-release-linux-x86_64 | 1.3.3 | 12.28 | 147.33 | 159.61 | OK | |
r-release-macos-x86_64 | 1.3.3 | OK | ||||
r-release-windows-ix86+x86_64 | 1.3.3 | 15.00 | 164.00 | 179.00 | OK | |
r-oldrel-macos-x86_64 | 1.3.3 | ERROR | ||||
r-oldrel-windows-ix86+x86_64 | 1.3.0 | 16.00 | 167.00 | 183.00 | OK |
Version: 1.3.3
Check: whether package can be installed
Result: ERROR
Installation failed.
Flavor: r-oldrel-macos-x86_64