CRAN Package Check Results for Package MuMIn

Last updated on 2021-04-14 02:46:49 CEST.

Flavor Version Tinstall Tcheck Ttotal Status Flags
r-devel-linux-x86_64-debian-clang 1.43.17 18.34 165.97 184.31 OK
r-devel-linux-x86_64-debian-gcc 1.43.17 13.80 124.85 138.65 OK
r-devel-linux-x86_64-fedora-clang 1.43.17 222.93 NOTE
r-devel-linux-x86_64-fedora-gcc 1.43.17 219.22 OK
r-devel-windows-ix86+x86_64 1.43.17 48.00 203.00 251.00 OK
r-devel-windows-x86_64-gcc10-UCRT 1.43.17 OK
r-patched-linux-x86_64 1.43.17 16.26 149.75 166.01 OK
r-patched-solaris-x86 1.43.17 318.70 OK
r-release-linux-x86_64 1.43.17 17.89 150.52 168.41 OK
r-release-macos-x86_64 1.43.17 OK
r-release-windows-ix86+x86_64 1.43.17 25.00 199.00 224.00 OK
r-oldrel-macos-x86_64 1.43.17 OK
r-oldrel-windows-ix86+x86_64 1.43.17 28.00 137.00 165.00 OK

Check Details

Version: 1.43.17
Check: Rd cross-references
Result: NOTE
    Undeclared packages ‘AICcmodavg’, ‘bbmle’, ‘glmulti’, ‘arm’, ‘wgeesel’, ‘ape’, ‘bestglm’, ‘leaps’, ‘glmmTMB’, ‘brglm’, ‘quantreg’, ‘maxlike’, ‘RMark’ in Rd xrefs
Flavor: r-devel-linux-x86_64-fedora-clang