CRAN Package Check Results for Package NLP

Last updated on 2022-08-15 04:50:21 CEST.

Flavor Version Tinstall Tcheck Ttotal Status Flags
r-devel-linux-x86_64-debian-clang 0.2-1 5.06 36.98 42.04 OK
r-devel-linux-x86_64-debian-gcc 0.2-1 3.86 28.68 32.54 OK
r-devel-linux-x86_64-fedora-clang 0.2-1 60.75 NOTE
r-devel-linux-x86_64-fedora-gcc 0.2-1 60.84 OK
r-devel-windows-x86_64 0.2-1 22.00 64.00 86.00 OK
r-patched-linux-x86_64 0.2-1 4.98 35.51 40.49 OK
r-release-linux-x86_64 0.2-1 3.88 35.74 39.62 OK
r-release-macos-arm64 0.2-1 20.00 OK
r-release-macos-x86_64 0.2-1 27.00 OK
r-release-windows-x86_64 0.2-1 19.00 63.00 82.00 OK
r-oldrel-macos-arm64 0.2-1 27.00 OK
r-oldrel-macos-x86_64 0.2-1 36.00 OK
r-oldrel-windows-ix86+x86_64 0.2-1 8.00 50.00 58.00 OK

Check Details

Version: 0.2-1
Check: Rd cross-references
Result: NOTE
    Undeclared package ‘tm’ in Rd xrefs
Flavor: r-devel-linux-x86_64-fedora-clang