Last updated on 2023-06-09 02:52:20 CEST.
Flavor | Version | Tinstall | Tcheck | Ttotal | Status | Flags |
---|---|---|---|---|---|---|
r-devel-linux-x86_64-debian-clang | 0.9.9 | 66.30 | 402.67 | 468.97 | NOTE | |
r-devel-linux-x86_64-debian-gcc | 0.9.9 | 54.28 | 274.27 | 328.55 | NOTE | |
r-devel-linux-x86_64-fedora-clang | 0.9.9 | 568.83 | NOTE | |||
r-devel-linux-x86_64-fedora-gcc | 0.9.9 | 548.85 | NOTE | |||
r-devel-windows-x86_64 | 0.9.9 | 64.00 | 310.00 | 374.00 | NOTE | |
r-patched-linux-x86_64 | 0.9.9 | 68.68 | 351.74 | 420.42 | NOTE | |
r-release-linux-x86_64 | 0.9.9 | 51.95 | 351.65 | 403.60 | NOTE | |
r-release-macos-arm64 | 0.9.9 | 164.00 | NOTE | |||
r-release-macos-x86_64 | 0.9.7 | 340.00 | NOTE | |||
r-release-windows-x86_64 | 0.9.9 | 80.00 | 390.00 | 470.00 | NOTE | |
r-oldrel-macos-arm64 | 0.9.9 | 142.00 | NOTE | |||
r-oldrel-macos-x86_64 | 0.9.9 | 172.00 | NOTE | |||
r-oldrel-windows-x86_64 | 0.9.9 | 73.00 | 371.00 | 444.00 | NOTE |
Version: 0.9.9
Check: for GNU extensions in Makefiles
Result: NOTE
GNU make is a SystemRequirements.
Flavors: r-devel-linux-x86_64-debian-clang, r-devel-linux-x86_64-debian-gcc, r-devel-linux-x86_64-fedora-clang, r-devel-linux-x86_64-fedora-gcc, r-devel-windows-x86_64, r-patched-linux-x86_64, r-release-linux-x86_64, r-release-macos-arm64, r-release-windows-x86_64, r-oldrel-macos-arm64, r-oldrel-macos-x86_64, r-oldrel-windows-x86_64
Version: 0.9.7
Check: for GNU extensions in Makefiles
Result: NOTE
GNU make is a SystemRequirements.
Flavor: r-release-macos-x86_64