Last updated on 2023-06-06 02:55:47 CEST.
Flavor | Version | Tinstall | Tcheck | Ttotal | Status | Flags |
---|---|---|---|---|---|---|
r-devel-linux-x86_64-debian-clang | 0.1 | 2.02 | 23.99 | 26.01 | NOTE | |
r-devel-linux-x86_64-debian-gcc | 0.1 | 1.82 | 18.63 | 20.45 | NOTE | |
r-devel-linux-x86_64-fedora-clang | 0.1 | 33.42 | NOTE | |||
r-devel-linux-x86_64-fedora-gcc | 0.1 | 31.30 | NOTE | |||
r-devel-windows-x86_64 | 0.1 | 3.00 | 41.00 | 44.00 | NOTE | |
r-patched-linux-x86_64 | 0.1 | 4.14 | 22.80 | 26.94 | NOTE | |
r-release-linux-x86_64 | 0.1 | 2.01 | 23.15 | 25.16 | NOTE | |
r-release-macos-arm64 | 0.1 | 18.00 | NOTE | |||
r-release-macos-x86_64 | 0.1 | 19.00 | NOTE | |||
r-release-windows-x86_64 | 0.1 | 4.00 | 47.00 | 51.00 | NOTE | |
r-oldrel-macos-arm64 | 0.1 | 15.00 | NOTE | |||
r-oldrel-macos-x86_64 | 0.1 | 20.00 | NOTE | |||
r-oldrel-windows-x86_64 | 0.1 | 5.00 | 48.00 | 53.00 | NOTE |
Version: 0.1
Check: LazyData
Result: NOTE
'LazyData' is specified without a 'data' directory
Flavors: r-devel-linux-x86_64-debian-clang, r-devel-linux-x86_64-debian-gcc, r-devel-linux-x86_64-fedora-clang, r-devel-linux-x86_64-fedora-gcc, r-devel-windows-x86_64, r-patched-linux-x86_64, r-release-linux-x86_64, r-release-macos-arm64, r-release-macos-x86_64, r-release-windows-x86_64, r-oldrel-macos-arm64, r-oldrel-macos-x86_64, r-oldrel-windows-x86_64