CRAN Package Check Results for Package NRejections

Last updated on 2021-10-19 02:48:44 CEST.

Flavor Version Tinstall Tcheck Ttotal Status Flags
r-devel-linux-x86_64-debian-clang 1.2.0 3.12 29.39 32.51 NOTE
r-devel-linux-x86_64-debian-gcc 1.2.0 2.25 23.18 25.43 NOTE
r-devel-linux-x86_64-fedora-clang 1.2.0 49.49 NOTE
r-devel-linux-x86_64-fedora-gcc 1.2.0 38.11 NOTE
r-devel-windows-x86_64 1.2.0 6.00 49.00 55.00 NOTE
r-devel-windows-x86_64-gcc10-UCRT 1.2.0 NOTE
r-patched-linux-x86_64 1.2.0 3.13 28.36 31.49 NOTE
r-patched-solaris-x86 1.2.0 58.20 NOTE
r-release-linux-x86_64 1.2.0 2.56 28.63 31.19 NOTE
r-release-macos-arm64 1.2.0 NOTE
r-release-macos-x86_64 1.2.0 NOTE
r-release-windows-ix86+x86_64 1.2.0 6.00 47.00 53.00 NOTE
r-oldrel-macos-x86_64 1.2.0 OK
r-oldrel-windows-ix86+x86_64 1.2.0 7.00 48.00 55.00 OK

Check Details

Version: 1.2.0
Check: LazyData
Result: NOTE
     'LazyData' is specified without a 'data' directory
Flavors: r-devel-linux-x86_64-debian-clang, r-devel-linux-x86_64-debian-gcc, r-devel-linux-x86_64-fedora-clang, r-devel-linux-x86_64-fedora-gcc, r-devel-windows-x86_64, r-devel-windows-x86_64-gcc10-UCRT, r-patched-linux-x86_64, r-patched-solaris-x86, r-release-linux-x86_64, r-release-macos-arm64, r-release-macos-x86_64, r-release-windows-ix86+x86_64