CRAN Package Check Results for Package OpenImageR

Last updated on 2020-07-14 02:48:51 CEST.

Flavor Version Tinstall Tcheck Ttotal Status Flags
r-devel-linux-x86_64-debian-clang 1.1.7 68.65 96.01 164.66 OK
r-devel-linux-x86_64-debian-gcc 1.1.7 52.12 72.58 124.70 OK
r-devel-linux-x86_64-fedora-clang 1.1.7 213.84 NOTE
r-devel-linux-x86_64-fedora-gcc 1.1.7 204.83 OK
r-devel-windows-ix86+x86_64 1.1.7 102.00 221.00 323.00 NOTE
r-patched-linux-x86_64 1.1.7 55.29 89.95 145.24 OK
r-patched-solaris-x86 1.1.7 273.50 OK
r-release-linux-x86_64 1.1.7 53.87 89.44 143.31 OK
r-release-macos-x86_64 1.1.7 ERROR
r-release-windows-ix86+x86_64 1.1.7 139.00 203.00 342.00 NOTE
r-oldrel-macos-x86_64 1.1.7 NOTE
r-oldrel-windows-ix86+x86_64 1.1.7 132.00 199.00 331.00 NOTE

Check Details

Version: 1.1.7
Check: installed package size
Result: NOTE
     installed size is 9.2Mb
     sub-directories of 1Mb or more:
     doc 2.1Mb
     libs 6.5Mb
Flavors: r-devel-linux-x86_64-fedora-clang, r-devel-windows-ix86+x86_64, r-release-windows-ix86+x86_64, r-oldrel-macos-x86_64, r-oldrel-windows-ix86+x86_64

Version: 1.1.7
Check: whether package can be installed
Result: ERROR
    Installation failed.
Flavor: r-release-macos-x86_64