CRAN Package Check Results for Package OpenML

Last updated on 2020-09-26 02:52:27 CEST.

Flavor Version Tinstall Tcheck Ttotal Status Flags
r-devel-linux-x86_64-debian-clang 1.10 9.24 67.02 76.26 OK
r-devel-linux-x86_64-debian-gcc 1.10 6.54 49.96 56.50 OK
r-devel-linux-x86_64-fedora-clang 1.10 98.45 OK
r-devel-linux-x86_64-fedora-gcc 1.10 89.36 OK
r-devel-windows-ix86+x86_64 1.10 16.00 84.00 100.00 OK
r-patched-linux-x86_64 1.10 8.81 61.77 70.58 OK
r-patched-solaris-x86 1.10 116.20 NOTE
r-release-linux-x86_64 1.10 7.78 61.58 69.36 OK
r-release-macos-x86_64 1.10 OK
r-release-windows-ix86+x86_64 1.10 13.00 96.00 109.00 OK
r-oldrel-macos-x86_64 1.10 OK
r-oldrel-windows-ix86+x86_64 1.10 14.00 83.00 97.00 OK

Check Details

Version: 1.10
Check: package dependencies
Result: NOTE
    Package suggested but not available for checking: ‘RWeka’
Flavor: r-patched-solaris-x86