Last updated on 2023-03-30 02:50:48 CEST.
Flavor | Version | Tinstall | Tcheck | Ttotal | Status | Flags |
---|---|---|---|---|---|---|
r-devel-linux-x86_64-debian-clang | 0.1.0 | 21.97 | 167.78 | 189.75 | OK | |
r-devel-linux-x86_64-debian-gcc | 0.1.0 | 15.28 | 125.69 | 140.97 | OK | |
r-devel-linux-x86_64-fedora-clang | 0.1.0 | 244.03 | OK | |||
r-devel-linux-x86_64-fedora-gcc | 0.1.0 | 232.08 | OK | |||
r-devel-windows-x86_64 | 0.1.0 | 35.00 | 0.00 | 35.00 | OK | |
r-patched-linux-x86_64 | 0.1.0 | 18.96 | 154.09 | 173.05 | OK | |
r-release-linux-x86_64 | 0.1.0 | 18.71 | 155.34 | 174.05 | OK | |
r-release-macos-arm64 | 0.1.0 | 54.00 | OK | |||
r-release-macos-x86_64 | 0.1.0 | 86.00 | OK | |||
r-release-windows-x86_64 | 0.1.0 | 33.00 | 179.00 | 212.00 | OK | |
r-oldrel-macos-arm64 | 0.1.0 | 45.00 | OK | |||
r-oldrel-macos-x86_64 | 0.1.0 | 86.00 | OK | |||
r-oldrel-windows-ix86+x86_64 | 0.1.0 | 45.00 | 184.00 | 229.00 | NOTE |
Version: 0.1.0
Check: R code for possible problems
Result: NOTE
Initiating curl with CURL_SSL_BACKEND: openssl
Flavor: r-oldrel-windows-ix86+x86_64