Last updated on 2023-06-06 02:55:48 CEST.
Flavor | Version | Tinstall | Tcheck | Ttotal | Status | Flags |
---|---|---|---|---|---|---|
r-devel-linux-x86_64-debian-clang | 1.2-1 | 3.74 | 42.47 | 46.21 | OK | |
r-devel-linux-x86_64-debian-gcc | 1.2-1 | 2.94 | 32.44 | 35.38 | OK | |
r-devel-linux-x86_64-fedora-clang | 1.2-1 | 62.38 | OK | |||
r-devel-linux-x86_64-fedora-gcc | 1.2-1 | 57.75 | OK | |||
r-devel-windows-x86_64 | 1.2-1 | 5.00 | 51.00 | 56.00 | OK | |
r-patched-linux-x86_64 | 1.2-1 | 3.50 | 40.51 | 44.01 | OK | |
r-release-linux-x86_64 | 1.2-1 | 2.88 | 40.74 | 43.62 | OK | |
r-release-macos-arm64 | 1.2-1 | 21.00 | OK | |||
r-release-macos-x86_64 | 1.2-1 | 38.00 | OK | |||
r-release-windows-x86_64 | 1.2-1 | 6.00 | 57.00 | 63.00 | OK | |
r-oldrel-macos-arm64 | 1.2-1 | 24.00 | NOTE | |||
r-oldrel-macos-x86_64 | 1.2-1 | 29.00 | OK | |||
r-oldrel-windows-x86_64 | 1.2-1 | 6.00 | 58.00 | 64.00 | OK |
Version: 1.2-1
Check: package dependencies
Result: NOTE
Package suggested but not available for checking: ‘MKmisc’
Flavor: r-oldrel-macos-arm64
Version: 1.2-1
Check: Rd cross-references
Result: NOTE
Package unavailable to check Rd xrefs: ‘MKmisc’
Flavor: r-oldrel-macos-arm64