CRAN Package Check Results for Package PDN

Last updated on 2022-06-29 02:55:17 CEST.

Flavor Version Tinstall Tcheck Ttotal Status Flags
r-devel-linux-x86_64-debian-clang 0.1.0 10.55 163.25 173.80 OK
r-devel-linux-x86_64-debian-gcc 0.1.0 8.97 120.17 129.14 OK
r-devel-linux-x86_64-fedora-clang 0.1.0 210.35 NOTE
r-devel-linux-x86_64-fedora-gcc 0.1.0 212.00 NOTE
r-devel-windows-x86_64 0.1.0 19.00 180.00 199.00 OK
r-patched-linux-x86_64 0.1.0 11.32 153.23 164.55 OK
r-release-linux-x86_64 0.1.0 11.99 154.16 166.15 OK
r-release-macos-arm64 0.1.0 56.00 NOTE
r-release-macos-x86_64 0.1.0 114.00 NOTE
r-release-windows-x86_64 0.1.0 18.00 179.00 197.00 OK
r-oldrel-macos-arm64 0.1.0 60.00 NOTE
r-oldrel-macos-x86_64 0.1.0 97.00 NOTE
r-oldrel-windows-ix86+x86_64 0.1.0 26.00 181.00 207.00 OK

Check Details

Version: 0.1.0
Check: dependencies in R code
Result: NOTE
    Namespace in Imports field not imported from: ‘glmnet’
     All declared Imports should be used.
Flavors: r-devel-linux-x86_64-fedora-clang, r-devel-linux-x86_64-fedora-gcc, r-release-macos-arm64, r-release-macos-x86_64, r-oldrel-macos-arm64, r-oldrel-macos-x86_64