CRAN Package Check Results for Package PointedSDMs

Last updated on 2022-10-05 05:57:10 CEST.

Flavor Version Tinstall Tcheck Ttotal Status Flags
r-devel-linux-x86_64-debian-clang 1.1.1 44.38 427.29 471.67 NOTE
r-devel-linux-x86_64-debian-gcc 1.1.1 35.22 309.72 344.94 NOTE
r-devel-linux-x86_64-fedora-clang 1.1.1 582.28 OK
r-devel-linux-x86_64-fedora-gcc 1.1.1 558.84 OK
r-devel-windows-x86_64 1.1.1 85.00 416.00 501.00 NOTE
r-patched-linux-x86_64 1.1.1 46.68 402.60 449.28 NOTE
r-release-linux-x86_64 1.1.1 40.51 401.40 441.91 NOTE
r-release-macos-arm64 1.1.1 131.00 NOTE
r-release-macos-x86_64 1.1.1 184.00 NOTE
r-release-windows-x86_64 1.1.1 75.00 409.00 484.00 NOTE
r-oldrel-macos-arm64 1.1.1 129.00 NOTE
r-oldrel-macos-x86_64 1.1.1 174.00 NOTE
r-oldrel-windows-ix86+x86_64 1.1.1 92.00 390.00 482.00 OK

Check Details

Version: 1.1.1
Check: package dependencies
Result: NOTE
    Package suggested but not available for checking: 'INLA'
Flavors: r-devel-linux-x86_64-debian-clang, r-devel-linux-x86_64-debian-gcc, r-devel-windows-x86_64, r-patched-linux-x86_64, r-release-linux-x86_64, r-release-macos-arm64, r-release-macos-x86_64, r-release-windows-x86_64, r-oldrel-macos-arm64, r-oldrel-macos-x86_64

Version: 1.1.1
Check: Rd cross-references
Result: NOTE
    Package unavailable to check Rd xrefs: 'INLA'
Flavors: r-devel-linux-x86_64-debian-clang, r-devel-linux-x86_64-debian-gcc, r-devel-windows-x86_64, r-patched-linux-x86_64, r-release-linux-x86_64, r-release-macos-arm64, r-release-macos-x86_64, r-release-windows-x86_64, r-oldrel-macos-arm64, r-oldrel-macos-x86_64