CRAN Package Check Results for Package PrevMap

Last updated on 2022-10-04 02:54:47 CEST.

Flavor Version Tinstall Tcheck Ttotal Status Flags
r-devel-linux-x86_64-debian-clang 1.5.4 56.39 396.12 452.51 NOTE
r-devel-linux-x86_64-debian-gcc 1.5.4 45.93 292.25 338.18 NOTE
r-devel-linux-x86_64-fedora-clang 1.5.4 554.46 OK
r-devel-linux-x86_64-fedora-gcc 1.5.4 535.19 OK
r-devel-windows-x86_64 1.5.4 63.00 362.00 425.00 NOTE
r-patched-linux-x86_64 1.5.4 56.13 375.25 431.38 NOTE
r-release-linux-x86_64 1.5.4 42.07 380.31 422.38 NOTE
r-release-macos-arm64 1.5.4 100.00 NOTE
r-release-macos-x86_64 1.5.4 185.00 NOTE
r-release-windows-x86_64 1.5.4 87.00 352.00 439.00 NOTE
r-oldrel-macos-arm64 1.5.4 109.00 NOTE
r-oldrel-macos-x86_64 1.5.4 95.00 NOTE
r-oldrel-windows-ix86+x86_64 1.5.4 103.00 367.00 470.00 OK

Check Details

Version: 1.5.4
Check: package dependencies
Result: NOTE
    Package suggested but not available for checking: 'INLA'
Flavors: r-devel-linux-x86_64-debian-clang, r-devel-linux-x86_64-debian-gcc, r-devel-windows-x86_64, r-patched-linux-x86_64, r-release-linux-x86_64, r-release-macos-arm64, r-release-macos-x86_64, r-release-windows-x86_64, r-oldrel-macos-arm64, r-oldrel-macos-x86_64