Last updated on 2021-04-14 02:46:53 CEST.
Flavor | Version | Tinstall | Tcheck | Ttotal | Status | Flags |
---|---|---|---|---|---|---|
r-devel-linux-x86_64-debian-clang | 0.8-7 | 56.92 | 201.73 | 258.65 | OK | |
r-devel-linux-x86_64-debian-gcc | 0.8-7 | 45.97 | 147.96 | 193.93 | OK | |
r-devel-linux-x86_64-fedora-clang | 0.8-7 | 323.64 | NOTE | |||
r-devel-linux-x86_64-fedora-gcc | 0.8-7 | 305.88 | OK | |||
r-devel-windows-ix86+x86_64 | 0.8-7 | 108.00 | 220.00 | 328.00 | OK | |
r-devel-windows-x86_64-gcc10-UCRT | 0.8-7 | OK | ||||
r-patched-linux-x86_64 | 0.8-7 | 51.27 | 181.58 | 232.85 | OK | |
r-release-linux-x86_64 | 0.8-7 | 52.02 | 181.03 | 233.05 | OK | |
r-release-macos-x86_64 | 0.8-7 | OK | ||||
r-release-windows-ix86+x86_64 | 0.8-7 | 103.00 | 235.00 | 338.00 | OK | |
r-oldrel-macos-x86_64 | 0.8-7 | OK | ||||
r-oldrel-windows-ix86+x86_64 | 0.8-7 | 83.00 | 151.00 | 234.00 | OK |
Version: 0.8-7
Check: Rd cross-references
Result: NOTE
Undeclared package ‘generics’ in Rd xrefs
Flavor: r-devel-linux-x86_64-fedora-clang