CRAN Package Check Results for Package RALSA

Last updated on 2021-03-04 02:48:18 CET.

Flavor Version Tinstall Tcheck Ttotal Status Flags
r-devel-linux-x86_64-debian-clang 0.90.2 24.58 145.71 170.29 OK
r-devel-linux-x86_64-debian-gcc 0.90.2 19.88 107.67 127.55 OK
r-devel-linux-x86_64-fedora-clang 0.90.2 216.26 OK
r-devel-linux-x86_64-fedora-gcc 0.90.2 194.65 OK
r-devel-windows-ix86+x86_64 0.90.2 49.00 155.00 204.00 OK
r-patched-linux-x86_64 0.90.2 17.38 131.38 148.76 OK
r-patched-solaris-x86 0.90.2 263.30 OK
r-release-linux-x86_64 0.90.2 15.68 132.00 147.68 OK
r-release-macos-x86_64 0.90.2 OK
r-release-windows-ix86+x86_64 0.90.2 35.00 125.00 160.00 OK
r-oldrel-macos-x86_64 0.90.2 ERROR

Check Details

Version: 0.90.2
Check: whether package can be installed
Result: ERROR
    Installation failed.
Flavor: r-oldrel-macos-x86_64