Last updated on 2021-01-27 02:50:36 CET.
Flavor | Version | Tinstall | Tcheck | Ttotal | Status | Flags |
---|---|---|---|---|---|---|
r-devel-linux-x86_64-debian-clang | 1.2.1.7 | 22.76 | 200.38 | 223.14 | OK | |
r-devel-linux-x86_64-debian-gcc | 1.2.1.7 | 18.29 | 147.42 | 165.71 | OK | |
r-devel-linux-x86_64-fedora-clang | 1.2.1.7 | 273.22 | OK | |||
r-devel-linux-x86_64-fedora-gcc | 1.2.1.7 | 263.22 | OK | |||
r-devel-windows-ix86+x86_64 | 1.2.1.7 | 48.00 | 250.00 | 298.00 | OK | |
r-patched-linux-x86_64 | 1.2.1.7 | 19.93 | 182.00 | 201.93 | OK | |
r-patched-solaris-x86 | 1.2.1.7 | 357.90 | OK | |||
r-release-linux-x86_64 | 1.2.1.7 | 23.08 | 184.62 | 207.70 | OK | |
r-release-macos-x86_64 | 1.2.1.7 | NOTE | ||||
r-release-windows-ix86+x86_64 | 1.2.1.7 | 49.00 | 176.00 | 225.00 | OK | |
r-oldrel-macos-x86_64 | 1.2.1.7 | NOTE | ||||
r-oldrel-windows-ix86+x86_64 | 1.2.1.7 | 36.00 | 239.00 | 275.00 | OK |
Version: 1.2.1.7
Check: package dependencies
Result: NOTE
Package suggested but not available for checking: ‘Heatplus’
Flavors: r-release-macos-x86_64, r-oldrel-macos-x86_64
Version: 1.2.1.7
Check: Rd cross-references
Result: NOTE
Package unavailable to check Rd xrefs: ‘Heatplus’
Flavors: r-release-macos-x86_64, r-oldrel-macos-x86_64