CRAN Package Check Results for Package RBitmoji

Last updated on 2021-03-04 02:48:19 CET.

Flavor Version Tinstall Tcheck Ttotal Status Flags
r-devel-linux-x86_64-debian-clang 0.0.2 2.55 26.27 28.82 NOTE
r-devel-linux-x86_64-debian-gcc 0.0.2 1.71 21.11 22.82 NOTE
r-devel-linux-x86_64-fedora-clang 0.0.2 45.19 NOTE
r-devel-linux-x86_64-fedora-gcc 0.0.2 34.67 NOTE
r-devel-windows-ix86+x86_64 0.0.2 5.00 42.00 47.00 NOTE
r-patched-linux-x86_64 0.0.2 1.98 26.39 28.37 NOTE
r-patched-solaris-x86 0.0.2 53.50 NOTE
r-release-linux-x86_64 0.0.2 2.33 26.55 28.88 NOTE
r-release-macos-x86_64 0.0.2 NOTE
r-release-windows-ix86+x86_64 0.0.2 4.00 35.00 39.00 NOTE
r-oldrel-macos-x86_64 0.0.2 NOTE
r-oldrel-windows-ix86+x86_64 0.0.2 4.00 41.00 45.00 OK

Check Details

Version: 0.0.2
Check: package vignettes
Result: NOTE
    Package vignette with placeholder title 'Vignette Title':
     'RBitmoji.Rmd'
Flavors: r-devel-linux-x86_64-debian-clang, r-devel-linux-x86_64-debian-gcc, r-devel-windows-ix86+x86_64, r-patched-linux-x86_64, r-release-linux-x86_64, r-release-windows-ix86+x86_64

Version: 0.0.2
Check: dependencies in R code
Result: NOTE
    Namespace in Imports field not imported from: ‘jsonlite’
     All declared Imports should be used.
Flavors: r-devel-linux-x86_64-fedora-clang, r-devel-linux-x86_64-fedora-gcc, r-patched-solaris-x86, r-release-macos-x86_64, r-oldrel-macos-x86_64