CRAN Package Check Results for Package RGraphics

Last updated on 2022-12-04 02:49:25 CET.

Flavor Version Tinstall Tcheck Ttotal Status Flags
r-devel-linux-x86_64-debian-clang 3.0-2 13.27 97.96 111.23 OK
r-devel-linux-x86_64-debian-gcc 3.0-2 10.62 70.11 80.73 OK
r-devel-linux-x86_64-fedora-clang 3.0-2 153.55 OK
r-devel-linux-x86_64-fedora-gcc 3.0-2 147.69 OK
r-devel-windows-x86_64 3.0-2 60.00 115.00 175.00 OK
r-patched-linux-x86_64 3.0-2 14.51 90.37 104.88 OK
r-release-linux-x86_64 3.0-2 12.77 91.02 103.79 OK
r-release-macos-arm64 3.0-2 32.00 OK
r-release-macos-x86_64 3.0-2 66.00 OK
r-release-windows-x86_64 3.0-2 59.00 120.00 179.00 OK
r-oldrel-macos-arm64 3.0-2 44.00 NOTE
r-oldrel-macos-x86_64 3.0-2 59.00 OK
r-oldrel-windows-ix86+x86_64 3.0-2 27.00 113.00 140.00 OK

Check Details

Version: 3.0-2
Check: package dependencies
Result: NOTE
    Packages suggested but not available for checking: 'showtext', 'sysfonts'
Flavor: r-oldrel-macos-arm64