Last updated on 2023-01-28 02:57:29 CET.
Flavor | Version | Tinstall | Tcheck | Ttotal | Status | Flags |
---|---|---|---|---|---|---|
r-devel-linux-x86_64-debian-clang | 3.1-8 | 25.49 | 78.77 | 104.26 | OK | |
r-devel-linux-x86_64-debian-gcc | 3.1-8 | 19.53 | 61.25 | 80.78 | NOTE | |
r-devel-linux-x86_64-fedora-clang | 3.1-8 | 144.30 | OK | |||
r-devel-linux-x86_64-fedora-gcc | 3.1-8 | 131.47 | NOTE | |||
r-devel-windows-x86_64 | 3.1-8 | 29.00 | 123.00 | 152.00 | OK | |
r-patched-linux-x86_64 | 3.1-8 | 25.77 | 76.80 | 102.57 | OK | |
r-release-linux-x86_64 | 3.1-8 | 24.00 | 75.95 | 99.95 | OK | |
r-release-macos-arm64 | 3.1-8 | 40.00 | OK | |||
r-release-macos-x86_64 | 3.1-8 | 65.00 | OK | |||
r-release-windows-x86_64 | 3.1-8 | 60.00 | 121.00 | 181.00 | OK | |
r-oldrel-macos-arm64 | 3.1-8 | 39.00 | OK | |||
r-oldrel-macos-x86_64 | 3.1-8 | 50.00 | OK | |||
r-oldrel-windows-ix86+x86_64 | 3.1-8 | 63.00 | 136.00 | 199.00 | OK |
Version: 3.1-8
Check: C++ specification
Result: NOTE
Specified C++11: please update to current default of C++17
Flavors: r-devel-linux-x86_64-debian-gcc, r-devel-linux-x86_64-fedora-gcc