Last updated on 2023-01-31 03:00:56 CET.
Flavor | Version | Tinstall | Tcheck | Ttotal | Status | Flags |
---|---|---|---|---|---|---|
r-devel-linux-x86_64-debian-clang | 0.10.25 | 7.64 | 39.10 | 46.74 | OK | |
r-devel-linux-x86_64-debian-gcc | 0.10.25 | 5.59 | 31.16 | 36.75 | OK | |
r-devel-linux-x86_64-fedora-clang | 0.10.25 | 62.94 | OK | |||
r-devel-linux-x86_64-fedora-gcc | 0.10.25 | 63.98 | OK | |||
r-devel-windows-x86_64 | 0.10.25 | 84.00 | 153.00 | 237.00 | OK | |
r-patched-linux-x86_64 | 0.10.25 | 8.18 | 35.79 | 43.97 | OK | |
r-release-linux-x86_64 | 0.10.25 | 6.78 | 37.00 | 43.78 | OK | |
r-release-macos-arm64 | 0.10.25 | 36.00 | OK | |||
r-release-macos-x86_64 | 0.10.25 | 59.00 | OK | |||
r-release-windows-x86_64 | 0.10.25 | 85.00 | 158.00 | 243.00 | OK | |
r-oldrel-macos-arm64 | 0.10.25 | 39.00 | OK | |||
r-oldrel-macos-x86_64 | 0.10.25 | 57.00 | OK | |||
r-oldrel-windows-ix86+x86_64 | 0.10.25 | 30.00 | 183.00 | 213.00 | NOTE |
Version: 0.10.25
Check: installed package size
Result: NOTE
installed size is 6.8Mb
sub-directories of 1Mb or more:
libs 6.4Mb
Flavor: r-oldrel-windows-ix86+x86_64