CRAN Package Check Results for Package RMySQL

Last updated on 2020-09-23 03:03:16 CEST.

Flavor Version Tinstall Tcheck Ttotal Status Flags
r-devel-linux-x86_64-debian-clang 0.10.20 7.12 33.64 40.76 OK
r-devel-linux-x86_64-debian-gcc 0.10.20 5.88 26.93 32.81 OK
r-devel-linux-x86_64-fedora-clang 0.10.20 61.32 OK
r-devel-linux-x86_64-fedora-gcc 0.10.20 49.74 OK
r-devel-windows-ix86+x86_64 0.10.20 34.00 153.00 187.00 NOTE
r-patched-linux-x86_64 0.10.20 6.65 33.22 39.87 OK
r-patched-solaris-x86 0.10.20 74.90 OK
r-release-linux-x86_64 0.10.20 6.89 33.49 40.38 OK
r-release-macos-x86_64 0.10.20 OK
r-release-windows-ix86+x86_64 0.10.20 30.00 159.00 189.00 NOTE
r-oldrel-macos-x86_64 0.10.20 OK
r-oldrel-windows-ix86+x86_64 0.10.20 25.00 154.00 179.00 NOTE

Check Details

Version: 0.10.20
Check: installed package size
Result: NOTE
     installed size is 6.6Mb
     sub-directories of 1Mb or more:
     libs 6.2Mb
Flavors: r-devel-windows-ix86+x86_64, r-release-windows-ix86+x86_64, r-oldrel-windows-ix86+x86_64