CRAN Package Check Results for Package RNetCDF

Last updated on 2022-12-04 02:49:26 CET.

Flavor Version Tinstall Tcheck Ttotal Status Flags
r-devel-linux-x86_64-debian-clang 2.6-1 20.40 45.37 65.77 WARN
r-devel-linux-x86_64-debian-gcc 2.6-1 14.34 34.52 48.86 WARN
r-devel-linux-x86_64-fedora-clang 2.6-1 90.19 WARN
r-devel-linux-x86_64-fedora-gcc 2.6-1 85.22 WARN
r-devel-windows-x86_64 2.6-1 87.00 138.00 225.00 NOTE
r-patched-linux-x86_64 2.6-1 14.18 42.23 56.41 OK
r-release-linux-x86_64 2.6-1 14.15 41.81 55.96 OK
r-release-macos-arm64 2.6-1 44.00 NOTE
r-release-macos-x86_64 2.6-1 58.00 NOTE
r-release-windows-x86_64 2.6-1 136.00 136.00 272.00 NOTE
r-oldrel-macos-arm64 2.6-1 44.00 NOTE
r-oldrel-macos-x86_64 2.6-1 67.00 NOTE
r-oldrel-windows-ix86+x86_64 2.6-1 45.00 170.00 215.00 NOTE

Check Details

Version: 2.6-1
Check: whether package can be installed
Result: WARN
    Found the following significant warnings:
     ./RNetCDF.h:149:13: warning: a function declaration without a prototype is deprecated in all versions of C [-Wstrict-prototypes]
     udunits.c:385:13: warning: a function declaration without a prototype is deprecated in all versions of C [-Wstrict-prototypes]
Flavors: r-devel-linux-x86_64-debian-clang, r-devel-linux-x86_64-fedora-clang

Version: 2.6-1
Check: whether package can be installed
Result: WARN
    Found the following significant warnings:
     RNetCDF.h:149:1: warning: function declaration isn’t a prototype [-Wstrict-prototypes]
     udunits.c:385:1: warning: function declaration isn’t a prototype [-Wstrict-prototypes]
Flavors: r-devel-linux-x86_64-debian-gcc, r-devel-linux-x86_64-fedora-gcc

Version: 2.6-1
Check: installed package size
Result: NOTE
     installed size is 10.8Mb
     sub-directories of 1Mb or more:
     libs 10.4Mb
Flavors: r-devel-windows-x86_64, r-release-macos-arm64, r-release-macos-x86_64, r-release-windows-x86_64, r-oldrel-macos-arm64, r-oldrel-macos-x86_64, r-oldrel-windows-ix86+x86_64

Version: 2.6-1
Check: package dependencies
Result: NOTE
    Package which this enhances but not available for checking: ‘pbdMPI’
Flavors: r-release-macos-arm64, r-release-macos-x86_64, r-oldrel-macos-arm64, r-oldrel-macos-x86_64

Version: 2.6-1
Check: Rd cross-references
Result: NOTE
    Package unavailable to check Rd xrefs: ‘pbdMPI’
Flavors: r-release-macos-arm64, r-release-macos-x86_64, r-oldrel-macos-arm64, r-oldrel-macos-x86_64