CRAN Package Check Results for Package RNiftyReg

Last updated on 2022-11-28 01:51:44 CET.

Flavor Version Tinstall Tcheck Ttotal Status Flags
r-devel-linux-x86_64-debian-clang 2.7.1 538.62 61.08 599.70 OK
r-devel-linux-x86_64-debian-gcc 2.7.1 404.98 51.78 456.76 OK
r-devel-linux-x86_64-fedora-clang 2.7.1 867.24 NOTE
r-devel-linux-x86_64-fedora-gcc 2.7.1 791.87 OK
r-devel-windows-x86_64 2.7.1 367.00 119.00 486.00 NOTE
r-patched-linux-x86_64 2.7.1 406.24 61.24 467.48 OK
r-release-linux-x86_64 2.7.1 434.03 64.25 498.28 OK
r-release-macos-arm64 2.7.1 214.00 NOTE
r-release-macos-x86_64 2.7.1 222.00 NOTE
r-release-windows-x86_64 2.7.0 390.00 119.00 509.00 NOTE
r-oldrel-macos-arm64 2.7.1 217.00 NOTE
r-oldrel-macos-x86_64 2.7.1 223.00 NOTE
r-oldrel-windows-ix86+x86_64 2.7.1 1249.00 142.00 1391.00 NOTE

Check Details

Version: 2.7.1
Check: installed package size
Result: NOTE
     installed size is 5.4Mb
     sub-directories of 1Mb or more:
     extdata 2.0Mb
     libs 3.2Mb
Flavors: r-devel-linux-x86_64-fedora-clang, r-devel-windows-x86_64, r-release-macos-arm64, r-release-macos-x86_64, r-oldrel-macos-arm64, r-oldrel-macos-x86_64, r-oldrel-windows-ix86+x86_64

Version: 2.7.0
Check: installed package size
Result: NOTE
     installed size is 5.4Mb
     sub-directories of 1Mb or more:
     extdata 2.0Mb
     libs 3.3Mb
Flavor: r-release-windows-x86_64