CRAN Package Check Results for Package RRRR

Last updated on 2021-10-23 01:49:13 CEST.

Flavor Version Tinstall Tcheck Ttotal Status Flags
r-devel-linux-x86_64-debian-clang 1.1.0 3.84 79.40 83.24 NOTE
r-devel-linux-x86_64-debian-gcc 1.1.0 3.06 59.91 62.97 NOTE
r-devel-linux-x86_64-fedora-clang 1.1.0 111.44 NOTE
r-devel-linux-x86_64-fedora-gcc 1.1.0 100.68 NOTE
r-devel-windows-x86_64 1.1.0 7.00 108.00 115.00 NOTE
r-devel-windows-x86_64-gcc10-UCRT 1.1.0 NOTE
r-patched-linux-x86_64 1.1.0 4.35 74.13 78.48 NOTE
r-patched-solaris-x86 1.1.0 164.10 NOTE
r-release-linux-x86_64 1.1.0 2.96 75.23 78.19 NOTE
r-release-macos-arm64 1.1.0 NOTE
r-release-macos-x86_64 1.1.0 NOTE
r-release-windows-ix86+x86_64 1.1.0 6.00 105.00 111.00 NOTE
r-oldrel-macos-x86_64 1.1.0 OK
r-oldrel-windows-ix86+x86_64 1.1.0 7.00 107.00 114.00 OK

Check Details

Version: 1.1.0
Check: LazyData
Result: NOTE
     'LazyData' is specified without a 'data' directory
Flavors: r-devel-linux-x86_64-debian-clang, r-devel-linux-x86_64-debian-gcc, r-devel-linux-x86_64-fedora-clang, r-devel-linux-x86_64-fedora-gcc, r-devel-windows-x86_64, r-devel-windows-x86_64-gcc10-UCRT, r-patched-linux-x86_64, r-patched-solaris-x86, r-release-linux-x86_64, r-release-macos-arm64, r-release-macos-x86_64, r-release-windows-ix86+x86_64