CRAN Package Check Results for Package RSAGA

Last updated on 2020-12-05 02:49:55 CET.

Flavor Version Tinstall Tcheck Ttotal Status Flags
r-devel-linux-x86_64-debian-clang 1.3.0 9.97 80.35 90.32 OK
r-devel-linux-x86_64-debian-gcc 1.3.0 9.08 62.86 71.94 OK
r-devel-linux-x86_64-fedora-clang 1.3.0 113.86 NOTE
r-devel-linux-x86_64-fedora-gcc 1.3.0 111.58 OK
r-devel-windows-ix86+x86_64 1.3.0 20.00 104.00 124.00 OK
r-patched-linux-x86_64 1.3.0 11.53 75.32 86.85 OK
r-patched-solaris-x86 1.3.0 151.00 OK
r-release-linux-x86_64 1.3.0 10.43 75.41 85.84 OK
r-release-macos-x86_64 1.3.0 OK
r-release-windows-ix86+x86_64 1.3.0 14.00 82.00 96.00 OK
r-oldrel-macos-x86_64 1.3.0 OK
r-oldrel-windows-ix86+x86_64 1.3.0 18.00 98.00 116.00 OK

Check Details

Version: 1.3.0
Check: Rd cross-references
Result: NOTE
    Undeclared package ‘sp’ in Rd xrefs
Flavor: r-devel-linux-x86_64-fedora-clang