CRAN Package Check Results for Package RSentiment

Last updated on 2022-10-04 02:54:51 CEST.

Flavor Version Tinstall Tcheck Ttotal Status Flags
r-devel-linux-x86_64-debian-clang 2.2.2 3.28 37.55 40.83 NOTE
r-devel-linux-x86_64-debian-gcc 2.2.2 2.10 28.07 30.17 NOTE
r-devel-linux-x86_64-fedora-clang 2.2.2 59.27 NOTE
r-devel-linux-x86_64-fedora-gcc 2.2.2 60.94 NOTE
r-devel-windows-x86_64 2.2.2 17.00 62.00 79.00 NOTE
r-patched-linux-x86_64 2.2.2 3.18 36.02 39.20 NOTE
r-release-linux-x86_64 2.2.2 2.86 36.19 39.05 NOTE
r-release-macos-arm64 2.2.2 18.00 NOTE
r-release-macos-x86_64 2.2.2 26.00 NOTE
r-release-windows-x86_64 2.2.2 16.00 62.00 78.00 NOTE
r-oldrel-macos-arm64 2.2.2 25.00 NOTE
r-oldrel-macos-x86_64 2.2.2 33.00 NOTE
r-oldrel-windows-ix86+x86_64 2.2.2 6.00 61.00 67.00 NOTE

Check Details

Version: 2.2.2
Check: LazyData
Result: NOTE
     'LazyData' is specified without a 'data' directory
Flavors: r-devel-linux-x86_64-debian-clang, r-devel-linux-x86_64-debian-gcc, r-devel-linux-x86_64-fedora-clang, r-devel-linux-x86_64-fedora-gcc, r-devel-windows-x86_64, r-patched-linux-x86_64, r-release-linux-x86_64, r-release-macos-arm64, r-release-macos-x86_64, r-release-windows-x86_64, r-oldrel-macos-arm64, r-oldrel-macos-x86_64, r-oldrel-windows-ix86+x86_64