CRAN Package Check Results for Package RTTWebClient

Last updated on 2022-10-04 02:54:51 CEST.

Flavor Version Tinstall Tcheck Ttotal Status Flags
r-devel-linux-x86_64-debian-clang 0.1.3 5.19 37.52 42.71 NOTE
r-devel-linux-x86_64-debian-gcc 0.1.3 3.27 28.56 31.83 NOTE
r-devel-linux-x86_64-fedora-clang 0.1.3 63.91 NOTE
r-devel-linux-x86_64-fedora-gcc 0.1.3 62.52 NOTE
r-devel-windows-x86_64 0.1.3 22.00 66.00 88.00 NOTE
r-patched-linux-x86_64 0.1.3 5.16 36.01 41.17 OK
r-release-linux-x86_64 0.1.3 4.02 35.09 39.11 OK
r-release-macos-arm64 0.1.3 19.00 OK
r-release-macos-x86_64 0.1.3 29.00 OK
r-release-windows-x86_64 0.1.3 29.00 69.00 98.00 OK
r-oldrel-macos-arm64 0.1.3 17.00 OK
r-oldrel-macos-x86_64 0.1.3 28.00 OK
r-oldrel-windows-ix86+x86_64 0.1.3 12.00 59.00 71.00 OK

Check Details

Version: 0.1.3
Check: package subdirectories
Result: NOTE
    Problems with news in 'NEWS.md':
    No news entries found.
Flavors: r-devel-linux-x86_64-debian-clang, r-devel-linux-x86_64-debian-gcc, r-devel-linux-x86_64-fedora-clang, r-devel-linux-x86_64-fedora-gcc, r-devel-windows-x86_64