Last updated on 2021-03-04 02:48:20 CET.
Flavor | Version | Tinstall | Tcheck | Ttotal | Status | Flags |
---|---|---|---|---|---|---|
r-devel-linux-x86_64-debian-clang | 1.4.3 | 12.58 | 104.54 | 117.12 | OK | |
r-devel-linux-x86_64-debian-gcc | 1.4.3 | 10.92 | 83.66 | 94.58 | OK | |
r-devel-linux-x86_64-fedora-clang | 1.4.3 | 152.71 | NOTE | |||
r-devel-linux-x86_64-fedora-gcc | 1.4.3 | 139.39 | NOTE | |||
r-devel-windows-ix86+x86_64 | 1.4.3 | 38.00 | 186.00 | 224.00 | OK | |
r-patched-linux-x86_64 | 1.4.3 | 11.38 | 100.18 | 111.56 | OK | |
r-patched-solaris-x86 | 1.4.3 | 209.80 | OK | |||
r-release-linux-x86_64 | 1.4.3 | 11.46 | 100.82 | 112.28 | OK | |
r-release-macos-x86_64 | 1.4.3 | OK | ||||
r-release-windows-ix86+x86_64 | 1.4.3 | 30.00 | 145.00 | 175.00 | OK | |
r-oldrel-macos-x86_64 | 1.4.3 | OK | ||||
r-oldrel-windows-ix86+x86_64 | 1.4.3 | 34.00 | 179.00 | 213.00 | OK |
Version: 1.4.3
Check: compiled code
Result: NOTE
File ‘RTextTools/libs/RTextTools.so’:
Found no calls to: ‘R_registerRoutines’, ‘R_useDynamicSymbols’
It is good practice to register native routines and to disable symbol
search.
See ‘Writing portable packages’ in the ‘Writing R Extensions’ manual.
Flavors: r-devel-linux-x86_64-fedora-clang, r-devel-linux-x86_64-fedora-gcc