CRAN Package Check Results for Package RTextTools

Last updated on 2022-10-02 02:49:21 CEST.

Flavor Version Tinstall Tcheck Ttotal Status Flags
r-devel-linux-x86_64-debian-clang 1.4.3 15.46 119.33 134.79 OK
r-devel-linux-x86_64-debian-gcc 1.4.3 12.35 92.74 105.09 OK
r-devel-linux-x86_64-fedora-clang 1.4.3 173.90 NOTE
r-devel-linux-x86_64-fedora-gcc 1.4.3 177.54 NOTE
r-devel-windows-x86_64 1.4.3 49.00 153.00 202.00 OK
r-patched-linux-x86_64 1.4.3 13.62 114.21 127.83 OK
r-release-linux-x86_64 1.4.3 9.88 114.64 124.52 OK
r-release-macos-arm64 1.4.3 51.00 OK
r-release-macos-x86_64 1.4.3 86.00 OK
r-release-windows-x86_64 1.4.3 52.00 157.00 209.00 OK
r-oldrel-macos-arm64 1.4.3 60.00 OK
r-oldrel-macos-x86_64 1.4.3 82.00 OK
r-oldrel-windows-ix86+x86_64 1.4.3 42.00 207.00 249.00 OK

Check Details

Version: 1.4.3
Check: compiled code
Result: NOTE
    File ‘RTextTools/libs/RTextTools.so’:
     Found no calls to: ‘R_registerRoutines’, ‘R_useDynamicSymbols’
    
    It is good practice to register native routines and to disable symbol
    search.
    
    See ‘Writing portable packages’ in the ‘Writing R Extensions’ manual.
Flavors: r-devel-linux-x86_64-fedora-clang, r-devel-linux-x86_64-fedora-gcc