CRAN Package Check Results for Package Rcereal

Last updated on 2023-02-09 02:53:22 CET.

Flavor Version Tinstall Tcheck Ttotal Status Flags
r-devel-linux-x86_64-debian-clang 1.2.1.1 2.10 23.81 25.91 NOTE
r-devel-linux-x86_64-debian-gcc 1.2.1.1 1.72 18.66 20.38 NOTE
r-devel-linux-x86_64-fedora-clang 1.2.1.1 33.18 NOTE
r-devel-linux-x86_64-fedora-gcc 1.2.1.1 42.46 NOTE
r-devel-windows-x86_64 1.2.1.1 134.00 57.00 191.00 NOTE
r-patched-linux-x86_64 1.2.1.1 1.80 24.64 26.44 NOTE
r-release-linux-x86_64 1.2.1.1 1.75 24.74 26.49 NOTE
r-release-macos-arm64 1.2.1.1 17.00 NOTE
r-release-macos-x86_64 1.2.1.1 23.00 NOTE
r-release-windows-x86_64 1.2.1.1 93.00 59.00 152.00 NOTE
r-oldrel-macos-arm64 1.2.1.1 20.00 NOTE
r-oldrel-macos-x86_64 1.2.1.1 28.00 NOTE
r-oldrel-windows-ix86+x86_64 1.2.1.1 5.00 53.00 58.00 NOTE

Check Details

Version: 1.2.1.1
Check: LazyData
Result: NOTE
     'LazyData' is specified without a 'data' directory
Flavors: r-devel-linux-x86_64-debian-clang, r-devel-linux-x86_64-debian-gcc, r-devel-linux-x86_64-fedora-clang, r-devel-linux-x86_64-fedora-gcc, r-devel-windows-x86_64, r-patched-linux-x86_64, r-release-linux-x86_64, r-release-macos-arm64, r-release-macos-x86_64, r-release-windows-x86_64, r-oldrel-macos-arm64, r-oldrel-macos-x86_64, r-oldrel-windows-ix86+x86_64