CRAN Package Check Results for Package RcmdrPlugin.RiskDemo

Last updated on 2020-07-06 02:47:44 CEST.

Flavor Version Tinstall Tcheck Ttotal Status Flags
r-devel-linux-x86_64-debian-clang 2.0 23.26 165.14 188.40 OK
r-devel-linux-x86_64-debian-gcc 2.0 20.96 129.50 150.46 OK
r-devel-linux-x86_64-fedora-clang 2.0 241.70 OK
r-devel-linux-x86_64-fedora-gcc 2.0 232.33 OK
r-devel-windows-ix86+x86_64 2.0 102.00 337.00 439.00 OK
r-patched-linux-x86_64 2.0 23.64 162.97 186.61 OK
r-patched-solaris-x86 2.0 391.00 NOTE
r-release-linux-x86_64 2.0 18.05 165.32 183.37 OK
r-release-osx-x86_64 2.0 OK
r-release-windows-ix86+x86_64 2.0 61.00 222.00 283.00 OK
r-oldrel-osx-x86_64 2.0 WARN
r-oldrel-windows-ix86+x86_64 2.0 85.00 302.00 387.00 OK

Check Details

Version: 2.0
Check: installed package size
Result: NOTE
     installed size is 5.4Mb
     sub-directories of 1Mb or more:
     data 5.1Mb
Flavor: r-patched-solaris-x86

Version: 2.0
Check: whether package can be installed
Result: WARN
    Found the following significant warnings:
     Warning: 'rgl_init' failed, running with rgl.useNULL = TRUE
Flavor: r-oldrel-osx-x86_64