CRAN Package Check Results for Package RcmdrPlugin.temis

Last updated on 2020-06-04 02:48:12 CEST.

Flavor Version Tinstall Tcheck Ttotal Status Flags
r-devel-linux-x86_64-debian-clang 0.7.10 27.87 153.35 181.22 NOTE
r-devel-linux-x86_64-debian-gcc 0.7.10 21.51 116.79 138.30 NOTE
r-devel-linux-x86_64-fedora-clang 0.7.10 228.95 NOTE
r-devel-linux-x86_64-fedora-gcc 0.7.10 230.48 NOTE
r-devel-windows-ix86+x86_64 0.7.10 77.00 154.00 231.00 NOTE
r-patched-linux-x86_64 0.7.10 25.69 153.42 179.11 NOTE
r-patched-solaris-x86 0.7.10 340.10 NOTE
r-release-linux-x86_64 0.7.10 26.25 152.68 178.93 NOTE
r-release-osx-x86_64 0.7.10 NOTE
r-release-windows-ix86+x86_64 0.7.10 52.00 172.00 224.00 NOTE
r-oldrel-osx-x86_64 0.7.10 NOTE
r-oldrel-windows-ix86+x86_64 0.7.10 70.00 160.00 230.00 NOTE

Check Details

Version: 0.7.10
Check: package dependencies
Result: NOTE
    Package suggested but not available for checking: 'ROpenOffice'
Flavors: r-devel-linux-x86_64-debian-clang, r-devel-linux-x86_64-debian-gcc, r-devel-linux-x86_64-fedora-clang, r-devel-linux-x86_64-fedora-gcc, r-devel-windows-ix86+x86_64, r-patched-linux-x86_64, r-patched-solaris-x86, r-release-linux-x86_64, r-release-windows-ix86+x86_64, r-oldrel-osx-x86_64, r-oldrel-windows-ix86+x86_64

Version: 0.7.10
Check: package dependencies
Result: NOTE
    Packages suggested but not available for checking: 'ROpenOffice', 'RODBC'
Flavor: r-release-osx-x86_64