Last updated on 2021-01-20 02:50:29 CET.
Flavor | Version | Tinstall | Tcheck | Ttotal | Status | Flags |
---|---|---|---|---|---|---|
r-devel-linux-x86_64-debian-clang | 0.4-0 | 38.25 | 160.17 | 198.42 | OK | |
r-devel-linux-x86_64-debian-gcc | 0.4-0 | 28.27 | 110.52 | 138.79 | OK | |
r-devel-linux-x86_64-fedora-clang | 0.4-0 | 245.35 | NOTE | |||
r-devel-linux-x86_64-fedora-gcc | 0.4-0 | 238.83 | OK | |||
r-devel-windows-ix86+x86_64 | 0.4-0 | 72.00 | 169.00 | 241.00 | OK | |
r-patched-linux-x86_64 | 0.4-0 | 32.27 | 144.20 | 176.47 | OK | |
r-patched-solaris-x86 | 0.4-0 | 194.20 | OK | |||
r-release-linux-x86_64 | 0.4-0 | 35.40 | 144.13 | 179.53 | OK | |
r-release-macos-x86_64 | 0.4-0 | NOTE | ||||
r-release-windows-ix86+x86_64 | 0.4-0 | 83.00 | 158.00 | 241.00 | OK | |
r-oldrel-macos-x86_64 | 0.4-0 | NOTE | ||||
r-oldrel-windows-ix86+x86_64 | 0.4-0 | 63.00 | 155.00 | 218.00 | OK |
Version: 0.4-0
Check: installed package size
Result: NOTE
installed size is 5.6Mb
sub-directories of 1Mb or more:
libs 5.1Mb
Flavors: r-devel-linux-x86_64-fedora-clang, r-release-macos-x86_64, r-oldrel-macos-x86_64