CRAN Package Check Results for Package Rfast

Last updated on 2021-04-14 02:46:54 CEST.

Flavor Version Tinstall Tcheck Ttotal Status Flags
r-devel-linux-x86_64-debian-clang 2.0.1 1380.57 115.52 1496.09 NOTE
r-devel-linux-x86_64-debian-gcc 2.0.1 903.68 86.77 990.45 NOTE
r-devel-linux-x86_64-fedora-clang 2.0.1 2089.74 NOTE
r-devel-linux-x86_64-fedora-gcc 2.0.1 1890.32 NOTE
r-devel-windows-ix86+x86_64 2.0.1 2987.00 216.00 3203.00 NOTE
r-devel-windows-x86_64-gcc10-UCRT 2.0.1 NOTE
r-patched-linux-x86_64 2.0.1 1091.25 106.96 1198.21 OK
r-patched-solaris-x86 2.0.1 1501.80 NOTE
r-release-linux-x86_64 2.0.1 1093.33 105.00 1198.33 OK
r-release-macos-x86_64 2.0.1 NOTE
r-release-windows-ix86+x86_64 2.0.1 2198.00 218.00 2416.00 NOTE
r-oldrel-macos-x86_64 2.0.1 NOTE
r-oldrel-windows-ix86+x86_64 2.0.1 2639.00 162.00 2801.00 NOTE

Check Details

Version: 2.0.1
Check: LazyData
Result: NOTE
     'LazyData' is specified without a 'data' directory
Flavors: r-devel-linux-x86_64-debian-clang, r-devel-linux-x86_64-debian-gcc, r-devel-linux-x86_64-fedora-clang, r-devel-linux-x86_64-fedora-gcc, r-devel-windows-ix86+x86_64, r-devel-windows-x86_64-gcc10-UCRT

Version: 2.0.1
Check: installed package size
Result: NOTE
     installed size is 63.2Mb
     sub-directories of 1Mb or more:
     libs 61.9Mb
Flavors: r-devel-linux-x86_64-fedora-clang, r-devel-windows-ix86+x86_64, r-patched-solaris-x86, r-release-macos-x86_64, r-release-windows-ix86+x86_64, r-oldrel-macos-x86_64, r-oldrel-windows-ix86+x86_64