CRAN Package Check Results for Package RiemBase

Last updated on 2020-11-25 02:49:14 CET.

Flavor Version Tinstall Tcheck Ttotal Status Flags
r-devel-linux-x86_64-debian-clang 0.2.4 68.90 31.35 100.25 OK
r-devel-linux-x86_64-debian-gcc 0.2.4 76.23 26.65 102.88 OK
r-devel-linux-x86_64-fedora-clang 0.2.4 121.99 NOTE
r-devel-linux-x86_64-fedora-gcc 0.2.4 107.38 OK
r-devel-windows-ix86+x86_64 0.2.4 115.00 67.00 182.00 OK
r-patched-linux-x86_64 0.2.4 85.98 30.32 116.30 OK
r-patched-solaris-x86 0.2.4 109.30 OK
r-release-linux-x86_64 0.2.4 81.33 30.77 112.10 OK
r-release-macos-x86_64 0.2.4 NOTE
r-release-windows-ix86+x86_64 0.2.4 119.00 58.00 177.00 OK
r-oldrel-macos-x86_64 0.2.4 NOTE
r-oldrel-windows-ix86+x86_64 0.2.4 92.00 56.00 148.00 OK

Check Details

Version: 0.2.4
Check: installed package size
Result: NOTE
     installed size is 5.3Mb
     sub-directories of 1Mb or more:
     libs 5.1Mb
Flavors: r-devel-linux-x86_64-fedora-clang, r-release-macos-x86_64, r-oldrel-macos-x86_64