CRAN Package Check Results for Package Rilostat

Last updated on 2020-11-30 02:46:47 CET.

Flavor Version Tinstall Tcheck Ttotal Status Flags
r-devel-linux-x86_64-debian-clang 1.1 8.91 101.58 110.49 OK
r-devel-linux-x86_64-debian-gcc 1.1 6.24 81.46 87.70 OK
r-devel-linux-x86_64-fedora-clang 1.1 138.94 OK
r-devel-linux-x86_64-fedora-gcc 1.1 127.33 OK
r-devel-windows-ix86+x86_64 1.1 15.00 75.00 90.00 WARN
r-patched-linux-x86_64 1.1 7.21 98.49 105.70 OK
r-patched-solaris-x86 1.1 192.30 OK
r-release-linux-x86_64 1.1 7.93 97.32 105.25 OK
r-release-macos-x86_64 1.1 OK
r-release-windows-ix86+x86_64 1.1 13.00 58.00 71.00 WARN
r-oldrel-macos-x86_64 1.1 OK
r-oldrel-windows-ix86+x86_64 1.1 13.00 65.00 78.00 WARN

Check Details

Version: 1.1
Check: re-building of vignette outputs
Result: WARN
    Error(s) in re-building vignettes:
    --- re-building 'Rilostat.Rmd' using rmarkdown
    Loading required package: devtools
    Loading required package: usethis
    Loading required package: plotly
    Loading required package: ggplot2
    
    Attaching package: 'plotly'
    
    The following object is masked from 'package:ggplot2':
    
     last_plot
    
    The following object is masked from 'package:stats':
    
     filter
    
    The following object is masked from 'package:graphics':
    
     layout
    
    Loading required package: dplyr
    
    Attaching package: 'dplyr'
    
    The following objects are masked from 'package:stats':
    
     filter, lag
    
    The following objects are masked from 'package:base':
    
     intersect, setdiff, setequal, union
    
    Loading required package: plotrix
    Loading required package: stringr
    Loading required package: Rilostat
    Quitting from lines 117-119 (Rilostat.Rmd)
    Error: processing vignette 'Rilostat.Rmd' failed with diagnostics:
    cannot open the connection
    --- failed re-building 'Rilostat.Rmd'
    
    SUMMARY: processing the following file failed:
     'Rilostat.Rmd'
    
    Error: Vignette re-building failed.
    Execution halted
Flavors: r-devel-windows-ix86+x86_64, r-release-windows-ix86+x86_64, r-oldrel-windows-ix86+x86_64