Last updated on 2023-03-29 02:55:37 CEST.
Flavor | Version | Tinstall | Tcheck | Ttotal | Status | Flags |
---|---|---|---|---|---|---|
r-devel-linux-x86_64-debian-clang | 0.7-1 | 7.84 | 42.54 | 50.38 | OK | |
r-devel-linux-x86_64-debian-gcc | 0.7-1 | 6.08 | 33.67 | 39.75 | OK | |
r-devel-linux-x86_64-fedora-clang | 0.7-1 | 70.55 | OK | |||
r-devel-linux-x86_64-fedora-gcc | 0.7-1 | 70.87 | OK | |||
r-devel-windows-x86_64 | 0.7-1 | 360.00 | 85.00 | 445.00 | OK | |
r-patched-linux-x86_64 | 0.7-1 | 8.65 | 41.33 | 49.98 | OK | |
r-release-linux-x86_64 | 0.7-1 | 6.19 | 40.39 | 46.58 | OK | |
r-release-macos-arm64 | 0.6-9.2 | 10.00 | ERROR | |||
r-release-macos-x86_64 | 0.7-1 | 28.00 | ERROR | |||
r-release-windows-x86_64 | 0.7-1 | 215.00 | 104.00 | 319.00 | OK | |
r-oldrel-macos-arm64 | 0.6-9.2 | 1803.00 | OK | |||
r-oldrel-macos-x86_64 | 0.7-1 | 20.00 | ERROR | |||
r-oldrel-windows-ix86+x86_64 | 0.7-1 | 28.00 | 75.00 | 103.00 | OK |
Version: 0.6-9.2
Check: whether package can be installed
Result: ERROR
Installation failed.
Flavor: r-release-macos-arm64
Version: 0.7-1
Check: whether package can be installed
Result: ERROR
Installation failed.
Flavors: r-release-macos-x86_64, r-oldrel-macos-x86_64