CRAN Package Check Results for Package Rpoppler

Last updated on 2022-09-27 02:54:24 CEST.

Flavor Version Tinstall Tcheck Ttotal Status Flags
r-devel-linux-x86_64-debian-clang 0.1-0 6.84 23.60 30.44 OK
r-devel-linux-x86_64-debian-gcc 0.1-0 3.94 18.66 22.60 OK
r-devel-linux-x86_64-fedora-clang 0.1-0 53.39 OK
r-devel-linux-x86_64-fedora-gcc 0.1-0 48.86 OK
r-patched-linux-x86_64 0.1-0 4.82 23.11 27.93 OK
r-release-linux-x86_64 0.1-0 5.67 23.66 29.33 OK
r-release-macos-arm64 0.1-0 24.00 NOTE
r-release-macos-x86_64 0.1-0 31.00 NOTE
r-oldrel-macos-arm64 0.1-0 17.00 NOTE
r-oldrel-macos-x86_64 0.1-0 30.00 NOTE

Check Details

Version: 0.1-0
Check: installed package size
Result: NOTE
     installed size is 44.7Mb
     sub-directories of 1Mb or more:
     libs 44.6Mb
Flavors: r-release-macos-arm64, r-release-macos-x86_64, r-oldrel-macos-arm64, r-oldrel-macos-x86_64