CRAN Package Check Results for Package Rwofost

Last updated on 2022-10-03 03:55:14 CEST.

Flavor Version Tinstall Tcheck Ttotal Status Flags
r-devel-linux-x86_64-debian-clang 0.8-3 76.17 67.68 143.85 OK
r-devel-linux-x86_64-debian-gcc 0.8-3 69.17 50.93 120.10 OK
r-devel-linux-x86_64-fedora-clang 0.8-3 227.39 OK
r-devel-linux-x86_64-fedora-gcc 0.8-3 213.79 OK
r-devel-windows-x86_64 0.8-3 94.00 125.00 219.00 OK
r-patched-linux-x86_64 0.8-3 74.09 65.81 139.90 OK
r-release-linux-x86_64 0.8-3 76.42 65.73 142.15 OK
r-release-macos-arm64 0.8-3 47.00 NOTE
r-release-macos-x86_64 0.8-3 68.00 NOTE
r-release-windows-x86_64 0.8-3 93.00 120.00 213.00 OK
r-oldrel-macos-arm64 0.8-3 48.00 NOTE
r-oldrel-macos-x86_64 0.8-3 65.00 NOTE
r-oldrel-windows-ix86+x86_64 0.8-3 189.00 134.00 323.00 OK

Check Details

Version: 0.8-3
Check: installed package size
Result: NOTE
     installed size is 10.3Mb
     sub-directories of 1Mb or more:
     libs 9.4Mb
Flavors: r-release-macos-arm64, r-release-macos-x86_64, r-oldrel-macos-arm64, r-oldrel-macos-x86_64