CRAN Package Check Results for Package SCORPIUS

Last updated on 2020-11-28 02:49:08 CET.

Flavor Version Tinstall Tcheck Ttotal Status Flags
r-devel-linux-x86_64-debian-clang 1.0.7 12.73 274.63 287.36 OK
r-devel-linux-x86_64-debian-gcc 1.0.7 11.75 204.34 216.09 OK
r-devel-linux-x86_64-fedora-clang 1.0.7 350.95 OK
r-devel-linux-x86_64-fedora-gcc 1.0.7 333.31 OK
r-devel-windows-ix86+x86_64 1.0.7 29.00 250.00 279.00 OK
r-patched-linux-x86_64 1.0.7 15.49 257.25 272.74 OK
r-patched-solaris-x86 1.0.7 723.80 OK
r-release-linux-x86_64 1.0.7 14.86 260.86 275.72 OK
r-release-macos-x86_64 1.0.7 OK
r-release-windows-ix86+x86_64 1.0.7 30.00 270.00 300.00 OK
r-oldrel-macos-x86_64 1.0.7 ERROR
r-oldrel-windows-ix86+x86_64 1.0.7 23.00 223.00 246.00 OK

Check Details

Version: 1.0.7
Check: package dependencies
Result: ERROR
    Package required but not available: ‘dynwrap’
    
    See section ‘The DESCRIPTION file’ in the ‘Writing R Extensions’
    manual.
Flavor: r-oldrel-macos-x86_64