CRAN Package Check Results for Package SDALGCP

Last updated on 2020-07-08 02:47:11 CEST.

Flavor Version Tinstall Tcheck Ttotal Status Flags
r-devel-linux-x86_64-debian-clang 0.3.0 31.10 222.32 253.42 OK
r-devel-linux-x86_64-debian-gcc 0.3.0 27.70 171.87 199.57 OK
r-devel-linux-x86_64-fedora-clang 0.3.0 331.48 OK
r-devel-linux-x86_64-fedora-gcc 0.3.0 314.33 OK
r-devel-windows-ix86+x86_64 0.3.0 58.00 300.00 358.00 OK
r-patched-linux-x86_64 0.3.0 25.36 220.18 245.54 OK
r-patched-solaris-x86 0.3.0 453.40 OK
r-release-linux-x86_64 0.3.0 21.85 218.44 240.29 OK
r-release-osx-x86_64 0.3.0 OK
r-release-windows-ix86+x86_64 0.3.0 67.00 238.00 305.00 OK
r-oldrel-osx-x86_64 0.3.0 WARN
r-oldrel-windows-ix86+x86_64 0.3.0 99.00 290.00 389.00 OK

Check Details

Version: 0.3.0
Check: dependencies in R code
Result: NOTE
    No protocol specified
    No protocol specified
Flavor: r-oldrel-osx-x86_64

Version: 0.3.0
Check: S3 generic/method consistency
Result: WARN
    No protocol specified
    No protocol specified
    See section ‘Generic functions and methods’ in the ‘Writing R
    Extensions’ manual.
Flavor: r-oldrel-osx-x86_64

Version: 0.3.0
Check: replacement functions
Result: WARN
    No protocol specified
    No protocol specified
    The argument of a replacement function which corresponds to the right
    hand side must be named ‘value’.
Flavor: r-oldrel-osx-x86_64

Version: 0.3.0
Check: foreign function calls
Result: NOTE
    No protocol specified
    No protocol specified
    See chapter ‘System and foreign language interfaces’ in the ‘Writing R
    Extensions’ manual.
Flavor: r-oldrel-osx-x86_64

Version: 0.3.0
Check: R code for possible problems
Result: NOTE
    No protocol specified
    No protocol specified
Flavor: r-oldrel-osx-x86_64

Version: 0.3.0
Check: for missing documentation entries
Result: WARN
    No protocol specified
    No protocol specified
    All user-level objects in a package should have documentation entries.
    See chapter ‘Writing R documentation files’ in the ‘Writing R
    Extensions’ manual.
Flavor: r-oldrel-osx-x86_64

Version: 0.3.0
Check: for code/documentation mismatches
Result: WARN
    No protocol specified
    No protocol specified
    No protocol specified
    No protocol specified
    No protocol specified
    No protocol specified
Flavor: r-oldrel-osx-x86_64

Version: 0.3.0
Check: Rd \usage sections
Result: NOTE
    No protocol specified
    No protocol specified
    The \usage entries for S3 methods should use the \method markup and not
    their full name.
    See chapter ‘Writing R documentation files’ in the ‘Writing R
    Extensions’ manual.
Flavor: r-oldrel-osx-x86_64