Last updated on 2023-05-27 02:49:52 CEST.
Flavor | Version | Tinstall | Tcheck | Ttotal | Status | Flags |
---|---|---|---|---|---|---|
r-devel-linux-x86_64-debian-clang | 1.3 | 10.75 | 134.35 | 145.10 | OK | |
r-devel-linux-x86_64-debian-gcc | 1.3 | 7.61 | 94.47 | 102.08 | OK | |
r-devel-linux-x86_64-fedora-clang | 1.3 | 179.49 | NOTE | |||
r-devel-linux-x86_64-fedora-gcc | 1.3 | 188.54 | NOTE | |||
r-devel-windows-x86_64 | 1.3 | 10.00 | 117.00 | 127.00 | OK | |
r-patched-linux-x86_64 | 1.3 | 10.62 | 125.32 | 135.94 | OK | |
r-release-linux-x86_64 | 1.3 | 8.71 | 122.74 | 131.45 | OK | |
r-release-macos-arm64 | 1.3 | 48.00 | OK | |||
r-release-macos-x86_64 | 1.3 | 78.00 | OK | |||
r-release-windows-x86_64 | 1.3 | 13.00 | 138.00 | 151.00 | OK | |
r-oldrel-macos-arm64 | 1.3 | 48.00 | NOTE | |||
r-oldrel-macos-x86_64 | 1.3 | 64.00 | NOTE | |||
r-oldrel-windows-x86_64 | 1.3 | 12.00 | 138.00 | 150.00 | OK |
Version: 1.3
Check: dependencies in R code
Result: NOTE
Namespaces in Imports field not imported from:
‘iterators’ ‘itertools’
All declared Imports should be used.
Flavors: r-devel-linux-x86_64-fedora-clang, r-devel-linux-x86_64-fedora-gcc, r-oldrel-macos-arm64, r-oldrel-macos-x86_64