CRAN Package Check Results for Package ScriptMapR

Last updated on 2020-11-27 02:47:16 CET.

Flavor Version Tinstall Tcheck Ttotal Status Flags
r-devel-linux-x86_64-debian-clang 0.0.3 14.22 73.67 87.89 OK
r-devel-linux-x86_64-debian-gcc 0.0.3 8.28 55.48 63.76 OK
r-devel-linux-x86_64-fedora-clang 0.0.3 106.73 OK
r-devel-linux-x86_64-fedora-gcc 0.0.3 99.90 OK
r-devel-windows-ix86+x86_64 0.0.3 22.00 67.00 89.00 OK
r-patched-linux-x86_64 0.0.3 10.94 67.80 78.74 OK
r-patched-solaris-x86 0.0.3 131.50 OK
r-release-linux-x86_64 0.0.3 9.99 67.61 77.60 OK
r-release-macos-x86_64 0.0.3 OK
r-release-windows-ix86+x86_64 0.0.3 23.00 70.00 93.00 OK
r-oldrel-macos-x86_64 0.0.3 WARN
r-oldrel-windows-ix86+x86_64 0.0.3 16.00 78.00 94.00 OK

Check Details

Version: 0.0.3
Check: whether package can be installed
Result: WARN
    Found the following significant warnings:
     Note: possible error in 'getSelectedNodes(node.suids = TRUE)': unused argument (node.suids = TRUE)
    See ‘/Volumes/SSD-Data/Builds/R-dev-web/QA/Simon/packages/el-capitan-x86_64/results/3.6/ScriptMapR.Rcheck/00install.out’ for details.
    Information on the location(s) of code generating the ‘Note’s can be
    obtained by re-running with environment variable R_KEEP_PKG_SOURCE set
    to ‘yes’.
Flavor: r-oldrel-macos-x86_64

Version: 0.0.3
Check: R code for possible problems
Result: NOTE
    scriptmapr: possible error in getSelectedNodes(node.suids = TRUE):
     unused argument (node.suids = TRUE)
Flavor: r-oldrel-macos-x86_64