CRAN Package Check Results for Package Semblance

Last updated on 2022-10-03 03:55:14 CEST.

Flavor Version Tinstall Tcheck Ttotal Status Flags
r-devel-linux-x86_64-debian-clang 1.1.0 16.45 124.48 140.93 NOTE
r-devel-linux-x86_64-debian-gcc 1.1.0 10.76 90.60 101.36 NOTE
r-devel-linux-x86_64-fedora-clang 1.1.0 180.19 NOTE
r-devel-linux-x86_64-fedora-gcc 1.1.0 177.82 NOTE
r-devel-windows-x86_64 1.1.0 22.00 137.00 159.00 NOTE
r-patched-linux-x86_64 1.1.0 8.83 115.60 124.43 NOTE
r-release-linux-x86_64 1.1.0 9.03 113.41 122.44 NOTE
r-release-macos-arm64 1.1.0 44.00 NOTE
r-release-macos-x86_64 1.1.0 78.00 NOTE
r-release-windows-x86_64 1.1.0 21.00 134.00 155.00 NOTE
r-oldrel-macos-arm64 1.1.0 52.00 NOTE
r-oldrel-macos-x86_64 1.1.0 78.00 NOTE
r-oldrel-windows-ix86+x86_64 1.1.0 32.00 133.00 165.00 NOTE

Check Details

Version: 1.1.0
Check: LazyData
Result: NOTE
     'LazyData' is specified without a 'data' directory
Flavors: r-devel-linux-x86_64-debian-clang, r-devel-linux-x86_64-debian-gcc, r-devel-linux-x86_64-fedora-clang, r-devel-linux-x86_64-fedora-gcc, r-devel-windows-x86_64, r-patched-linux-x86_64, r-release-linux-x86_64, r-release-macos-arm64, r-release-macos-x86_64, r-release-windows-x86_64, r-oldrel-macos-arm64, r-oldrel-macos-x86_64, r-oldrel-windows-ix86+x86_64