CRAN Package Check Results for Package SimilaR

Last updated on 2020-07-03 02:47:14 CEST.

Flavor Version Tinstall Tcheck Ttotal Status Flags
r-devel-linux-x86_64-debian-clang 1.0.8 105.82 30.66 136.48 OK
r-devel-linux-x86_64-debian-gcc 1.0.8 82.68 24.30 106.98 OK
r-devel-linux-x86_64-fedora-clang 1.0.8 209.00 NOTE
r-devel-linux-x86_64-fedora-gcc 1.0.8 188.85 OK
r-devel-windows-ix86+x86_64 1.0.8 322.00 86.00 408.00 OK
r-patched-linux-x86_64 1.0.8 82.84 30.65 113.49 OK
r-patched-solaris-x86 1.0.8 170.30 OK
r-release-linux-x86_64 1.0.8 83.64 30.49 114.13 OK
r-release-osx-x86_64 1.0.8 NOTE
r-release-windows-ix86+x86_64 1.0.8 270.00 99.00 369.00 OK
r-oldrel-osx-x86_64 1.0.8 NOTE
r-oldrel-windows-ix86+x86_64 1.0.8 204.00 71.00 275.00 OK

Check Details

Version: 1.0.8
Check: installed package size
Result: NOTE
     installed size is 6.8Mb
     sub-directories of 1Mb or more:
     libs 6.6Mb
Flavors: r-devel-linux-x86_64-fedora-clang, r-release-osx-x86_64, r-oldrel-osx-x86_64