Last updated on 2021-01-20 02:50:32 CET.
Flavor | Version | Tinstall | Tcheck | Ttotal | Status | Flags |
---|---|---|---|---|---|---|
r-devel-linux-x86_64-debian-clang | 2.0-5 | 4.08 | 260.73 | 264.81 | OK | |
r-devel-linux-x86_64-debian-gcc | 2.0-5 | 3.16 | 197.62 | 200.78 | OK | |
r-devel-linux-x86_64-fedora-clang | 2.0-5 | 335.64 | OK | |||
r-devel-linux-x86_64-fedora-gcc | 2.0-5 | 318.59 | OK | |||
r-devel-windows-ix86+x86_64 | 2.0-5 | 8.00 | 276.00 | 284.00 | OK | |
r-patched-linux-x86_64 | 2.0-5 | 4.35 | 257.52 | 261.87 | OK | |
r-patched-solaris-x86 | 2.0-5 | 398.10 | NOTE | |||
r-release-linux-x86_64 | 2.0-5 | 3.94 | 256.34 | 260.28 | OK | |
r-release-macos-x86_64 | 2.0-5 | OK | ||||
r-release-windows-ix86+x86_64 | 2.0-5 | 11.00 | 278.00 | 289.00 | OK | |
r-oldrel-macos-x86_64 | 2.0-5 | OK | ||||
r-oldrel-windows-ix86+x86_64 | 2.0-5 | 7.00 | 272.00 | 279.00 | OK |
Version: 2.0-5
Check: installed package size
Result: NOTE
installed size is 5.0Mb
sub-directories of 1Mb or more:
doc 4.2Mb
Flavor: r-patched-solaris-x86