Last updated on 2021-01-22 02:50:02 CET.
Flavor | Version | Tinstall | Tcheck | Ttotal | Status | Flags |
---|---|---|---|---|---|---|
r-devel-linux-x86_64-debian-clang | 1.0-3 | 5.94 | 287.79 | 293.73 | OK | |
r-devel-linux-x86_64-debian-gcc | 1.0-3 | 4.04 | 212.81 | 216.85 | OK | |
r-devel-linux-x86_64-fedora-clang | 1.0-3 | 357.46 | NOTE | |||
r-devel-linux-x86_64-fedora-gcc | 1.0-3 | 343.05 | OK | |||
r-devel-windows-ix86+x86_64 | 1.0-3 | 11.00 | 430.00 | 441.00 | NOTE | |
r-patched-linux-x86_64 | 1.0-3 | 5.31 | 277.69 | 283.00 | OK | |
r-patched-solaris-x86 | 1.0-3 | 433.90 | NOTE | |||
r-release-linux-x86_64 | 1.0-3 | 5.07 | 279.50 | 284.57 | OK | |
r-release-macos-x86_64 | 1.0-3 | NOTE | ||||
r-release-windows-ix86+x86_64 | 1.0-3 | 9.00 | 481.00 | 490.00 | NOTE | |
r-oldrel-macos-x86_64 | 1.0-3 | NOTE | ||||
r-oldrel-windows-ix86+x86_64 | 1.0-3 | 9.00 | 314.00 | 323.00 | NOTE |
Version: 1.0-3
Check: installed package size
Result: NOTE
installed size is 5.1Mb
sub-directories of 1Mb or more:
doc 3.7Mb
Flavors: r-devel-linux-x86_64-fedora-clang, r-devel-windows-ix86+x86_64, r-patched-solaris-x86, r-release-macos-x86_64, r-release-windows-ix86+x86_64, r-oldrel-macos-x86_64, r-oldrel-windows-ix86+x86_64