Last updated on 2023-06-07 02:59:29 CEST.
Flavor | Version | Tinstall | Tcheck | Ttotal | Status | Flags |
---|---|---|---|---|---|---|
r-devel-linux-x86_64-debian-clang | 0.1.2 | 73.32 | 202.76 | 276.08 | NOTE | |
r-devel-linux-x86_64-debian-gcc | 0.1.2 | 60.76 | 149.70 | 210.46 | NOTE | |
r-devel-linux-x86_64-fedora-clang | 0.1.2 | 356.54 | NOTE | |||
r-devel-linux-x86_64-fedora-gcc | 0.1.2 | 345.11 | NOTE | |||
r-devel-windows-x86_64 | 0.1.2 | 59.00 | 172.00 | 231.00 | NOTE | |
r-patched-linux-x86_64 | 0.1.2 | 57.42 | 189.65 | 247.07 | NOTE | |
r-release-linux-x86_64 | 0.1.2 | 66.47 | 188.74 | 255.21 | NOTE | |
r-release-macos-arm64 | 0.1.2 | 91.00 | NOTE | |||
r-release-macos-x86_64 | 0.1.2 | 158.00 | NOTE | |||
r-release-windows-x86_64 | 0.1.2 | 76.00 | 363.00 | 439.00 | NOTE | |
r-oldrel-macos-arm64 | 0.1.2 | 81.00 | OK | |||
r-oldrel-macos-x86_64 | 0.1.2 | 136.00 | OK | |||
r-oldrel-windows-x86_64 | 0.1.2 | 76.00 | 200.00 | 276.00 | OK |
Version: 0.1.2
Check: C++ specification
Result: NOTE
Specified C++11: please drop specification unless essential
Flavors: r-devel-linux-x86_64-debian-clang, r-devel-linux-x86_64-debian-gcc, r-devel-linux-x86_64-fedora-clang, r-devel-linux-x86_64-fedora-gcc, r-devel-windows-x86_64, r-patched-linux-x86_64, r-release-linux-x86_64, r-release-macos-arm64, r-release-macos-x86_64, r-release-windows-x86_64
Version: 0.1.2
Check: Rd cross-references
Result: NOTE
Undeclared package ‘Rtsne’ in Rd xrefs
Flavor: r-devel-linux-x86_64-fedora-clang