CRAN Package Check Results for Package TESS

Last updated on 2020-07-03 02:47:17 CEST.

Flavor Version Tinstall Tcheck Ttotal Status Flags
r-devel-linux-x86_64-debian-clang 2.1.0 25.77 127.38 153.15 NOTE
r-devel-linux-x86_64-debian-gcc 2.1.0 18.65 95.94 114.59 NOTE
r-devel-linux-x86_64-fedora-clang 2.1.0 187.39 NOTE
r-devel-linux-x86_64-fedora-gcc 2.1.0 182.42 NOTE
r-devel-windows-ix86+x86_64 2.1.0 60.00 230.00 290.00 OK
r-patched-linux-x86_64 2.1.0 23.00 126.64 149.64 NOTE
r-patched-solaris-x86 2.1.0 234.90 NOTE
r-release-linux-x86_64 2.1.0 22.64 128.94 151.58 NOTE
r-release-osx-x86_64 2.1.0 OK
r-release-windows-ix86+x86_64 2.1.0 49.00 173.00 222.00 OK
r-oldrel-osx-x86_64 2.1.0 OK
r-oldrel-windows-ix86+x86_64 2.1.0 45.00 233.00 278.00 OK

Check Details

Version: 2.1.0
Check: for non-standard things in the check directory
Result: NOTE
    Found the following files/directories:
     'ExtinctionRateChanges.txt' 'ExtinctionRates.txt'
     'MassExtinctionTimes.txt' 'SpeciationRateChanges.txt'
     'SpeciationRates.txt' 'SurvivalProbabilities.txt' 'analysis_conifer'
     'input_tree.tre' 'run_1' 'run_2' 'samples_numCategories.txt'
Flavors: r-devel-linux-x86_64-debian-clang, r-devel-linux-x86_64-debian-gcc, r-devel-linux-x86_64-fedora-clang, r-devel-linux-x86_64-fedora-gcc, r-patched-linux-x86_64, r-patched-solaris-x86, r-release-linux-x86_64

Version: 2.1.0
Check: compiled code
Result: NOTE
    File ‘TESS/libs/TESS.so’:
     Found no calls to: ‘R_registerRoutines’, ‘R_useDynamicSymbols’
    
    It is good practice to register native routines and to disable symbol
    search.
    
    See ‘Writing portable packages’ in the ‘Writing R Extensions’ manual.
Flavors: r-devel-linux-x86_64-fedora-clang, r-devel-linux-x86_64-fedora-gcc